4. Suppose 2*o + o = -2*r + 108, r = -4*o + s. Calculate the remainder when o is divided by 20.
18
Let d(q) = -q**3 + 11*q**2 + 7*q + 1. Calculate the remainder when d(11) is divided by 20.
18
Let h = 62 + -49. Calculate the remainder when 128 is divided by h.
11
What is the remainder when 173 is divided by (5 + (-376)/40)*(0 + -5)?
19
Let a = -9 - -13. Suppose 34 + 18 = a*j. Calculate the remainder when 36 is divided by j.
10
Let z be 6/(-57) - (-150)/(-19). Suppose d = -5*o - d, -4*d = 20. Calculate the remainder when 10 is divided by z*o/((-8)/3).
4
Suppose -6*w = -5*w - 170. What is the remainder when w is divided by 19?
18
Let d(j) = j - 2. Let i be d(13). Let b = 5 + i. Calculate the remainder when 47 is divided by b.
15
Let a(n) = -n**3 - 6*n**2 - 14*n - 17. Calculate the remainder when a(-5) is divided by 5.
3
Let q = -14 + 12. What is the remainder when 64/6 - q/(-3) is divided by 6?
4
What is the remainder when 21 is divided by -4*(12/16 + -2)?
1
Let h = -149 - -225. Calculate the remainder when h is divided by 13.
11
Let i = 101 + -71. Calculate the remainder when 56 is divided by i.
26
Let v = -53 + 78. Suppose -a - 8 = -r, 5*a - 6 = -2*r - v. Let y(p) = -p**2 + 6*p - 6. Calculate the remainder when r is divided by y(4).
1
Let s be (-2 + -1)/(-1 - 0). Suppose -s*h + 3*l + 3 = 0, -h + 0*h = -5*l + 11. Let i = 4 - 2. What is the remainder when h is divided by i?
0
Suppose 2*g + g + 15 = 0. What is the remainder when 40 is divided by g*(18/(-10) - 1)?
12
Let u(r) = 4*r. Let m(o) = -4*o - 2 - 3 + 4. Let i(f) = 5*m(f) + 6*u(f). What is the remainder when 32 is divided by i(4)?
10
Let x = 103 - 95. Let c = 60 + -29. Calculate the remainder when c is divided by x.
7
Let l(j) = 2*j**2 + j - 2. Let k be l(-3). Let m(n) = -n**2 + 5*n + 2. Let t be m(3). Suppose w - t = k. What is the remainder when w is divided by 12?
9
Let v(x) = x - 11. What is the remainder when 39 is divided by v(19)?
7
Let q(m) = m**3 - m**2 + m + 87. Calculate the remainder when q(0) is divided by 25.
12
Let q(x) = -3*x + 1. Let d be q(-1). Suppose -11 = -3*o + 16. What is the remainder when o is divided by (-7 - (2 - d))*-1?
4
Let g = -25 - -40. Suppose -95 = -6*u + 67. Calculate the remainder when u is divided by g.
12
Suppose -2*g = -6*g + 60. What is the remainder when 27 is divided by g?
12
Let q(u) = u + 10. Suppose 41 = 2*l - 33. What is the remainder when l is divided by q(9)?
18
Suppose 12 = r - 3*i, r + 5*i = -4*r. Suppose 2*k + y + 2 = 15, 0 = -2*y + 10. What is the remainder when k is divided by r?
1
Suppose 1 = 3*y - 23. Calculate the remainder when 22 is divided by y.
6
Let d be 2*(5 - (-3 + 5)). Let v(r) = -r**2 + 8*r - 2. What is the remainder when 29 is divided by v(d)?
9
Calculate the remainder when 1*(-2 + 33 - -3) is divided by 9.
7
Calculate the remainder when 598/10 - 6/(-30) is divided by 16.
12
Suppose -2*d + 5 = -5*o + 87, 5*o - 84 = 4*d. Calculate the remainder when 46 is divided by o.
14
Let q = -34 - -45. Calculate the remainder when 19 is divided by q.
8
Let x = 3 - 1. Let j(i) = i. Let c(a) = 2*a - 2. Let q be c(3). Calculate the remainder when j(q) is divided by x.
0
Let h be (0/2)/(5 + -3). Suppose -3*s + 6*s - 51 = h. Let f(a) = a**2 - 4*a + 4. What is the remainder when s is divided by f(5)?
8
Suppose -5*u = -j - 4*j + 35, -3*j + 21 = 4*u. Suppose -2*c + 36 = -0*c. What is the remainder when c is divided by j?
4
Calculate the remainder when 46 is divided by 5/10*6/9*51.
12
Let x(q) = 2*q**2 - 36*q + 45. What is the remainder when 4/2 + 27 + 1 is divided by x(17)?
8
What is the remainder when ((-12)/10 - 0)*1240/(-16) is divided by 16?
13
Let n(u) = 11*u + 5. Let i be (-4)/(-8)*(11 + -1). Calculate the remainder when n(i) is divided by 21.
18
Let v(n) = 6*n**2 + 2. Calculate the remainder when 98 is divided by v(2).
20
Suppose 0*v - v = 13. Let u = -6 - v. What is the remainder when 27 is divided by u?
6
Suppose 7*v - 157 = -52. Calculate the remainder when -3*(1 + -9 + -1) is divided by v.
12
Let h = -21 + 21. Suppose h = p - 4*g + 6*g - 10, p + 5*g - 13 = 0. What is the remainder when p is divided by 5?
3
Let v(d) = d**2 + 3*d + 1. Let g be v(-4). Suppose -g*o = -o - 48. What is the remainder when 47 is divided by o?
11
Suppose 2*w + 4 - 7 = -h, -4*h - 32 = -3*w. Suppose 2*v - g - 68 = 0, -v - v - w*g = -78. Let m = -4 + v. Calculate the remainder when m is divided by 11.
9
Suppose 2*q = -r + 4, -6*r + 5*q - 8 = -8*r. Let f(p) = 3*p**2 - p. Calculate the remainder when r is divided by f(1).
0
Let h(c) = -c**2 - 23*c - 21. What is the remainder when h(-15) is divided by 17?
14
Let n = -17 + 21. Calculate the remainder when 9 is divided by n.
1
Let h(o) = -o**3 + 2*o**2 - o. Let n be h(1). Suppose 0 = 4*t - 2*f - 54, t + n*t + 4*f = 18. Calculate the remainder when 55 is divided by t.
13
Suppose -4 - 6 = -t + z, 5*t - 54 = z. What is the remainder when (-4)/6*(1 - (-295)/(-10)) is divided by t?
8
Let y(x) = 7*x**3 + 5*x**2 + 1. Let v(z) = 8*z**3 + 4*z**2 - z. Let h(m) = -3*v(m) + 2*y(m). What is the remainder when h(-2) is divided by 14?
12
Suppose 5*a = -3*t + t + 23, 4*a - 2*t - 4 = 0. Calculate the remainder when 11 is divided by a.
2
What is the remainder when 29 is divided by 2 - 4/((-8)/26)?
14
Suppose -4*s = 3*w - 41, -s = -4*w + 19 + 4. Let m(l) = -l - 5. What is the remainder when w is divided by m(-7)?
1
Let x be ((-28)/(-12))/7*123. Let j = x - -102. What is the remainder when j is divided by 36?
35
Let q = -5 - -4. Let y(p) = -75*p + 1. Let l be y(q). Suppose -5*c - 29 = -n - 2*c, 3*c = -2*n + l. Calculate the remainder when n is divided by 12.
11
Suppose 5*k + 0*d = -2*d + 11, 0 = -k - d + 1. What is the remainder when 4 is divided by k?
1
Suppose 6*b = -2*b + 152. What is the remainder when 109 is divided by b?
14
Suppose -5*u = 2*p - 29, -5 = -2*u - 0*u - 3*p. Suppose 0 = -u*z + 2*z + 45. Calculate the remainder when z is divided by 5.
4
Let v(h) = 35*h - 1. Let l be v(1). Suppose -4*c = -22 - l. What is the remainder when 25 is divided by c?
11
Let s be (8/(-12))/((-2)/87). Suppose 4*z - s = 3*z. Suppose x = 6*x + 2*l - 14, -3*l = -5*x + z. What is the remainder when 7 is divided by x?
3
Let y be (-8)/20 + (-554)/(-10). Let t = -13 - 21. Let s = y + t. What is the remainder when s is divided by 12?
9
Let c(u) = -u**2 - 8*u + 8. Suppose -2*z = -3*z + 11. What is the remainder when c(-6) is divided by z?
9
Suppose -3*j + 18 = -3. What is the remainder when 12 is divided by j?
5
Suppose -4*r = 10 + 14. Let w = 6 - r. Calculate the remainder when w is divided by 5.
2
Let y = -3 - -63. What is the remainder when 115 is divided by y?
55
Let j = -6 - -8. Let l = 10 - 8. Let y = 4 - l. What is the remainder when j is divided by y?
0
Suppose 26 - 4 = f. Let z be 364/24 - (-2)/(-12). Calculate the remainder when f is divided by (-1)/(z/8 - 2).
6
Let b = -5 + 9. Suppose -4*d + 2 = 6. Calculate the remainder when b is divided by (10/25)/(d/(-5)).
0
What is the remainder when 25 is divided by (6/(-9))/(10/195)*-1?
12
Let z(o) = -o**2 - 4*o + 7. Let y(k) = -2*k**2 - 8*k + 13. Let s(p) = 4*y(p) - 7*z(p). Let j = -6 - -8. What is the remainder when s(-4) is divided by j?
1
Let d be 76*3/6*-1. Let x = 68 + d. Suppose 2*h + 8 = 40. What is the remainder when x is divided by h?
14
Let r = -8 - -10. Suppose -s - 3 = 2*x - 9, -r*x - 2*s = -4. Calculate the remainder when 15 is divided by x.
3
Let m = 2 - -21. Let q be 0 - 208/(-2 - -1). Suppose n - 41 + 0 = -v, -5*n - 4*v = -q. Calculate the remainder when n is divided by m.
21
Suppose -5*d - 2*g + 18 + 78 = 0, 2*g + 84 = 5*d. Calculate the remainder when 123 is divided by d.
15
Suppose 0 = -5*v - 5. Let r be ((195/3)/(-1))/v. Calculate the remainder when 26 is divided by 12/(-42) + r/7.
8
Let u = 34 + -30. What is the remainder when u is divided by 4?
0
What is the remainder when (-4)/(-3) + 888/9 is divided by 26?
22
Let r(z) = -z**2 + 8*z - 4. Let i be r(7). Suppose 3*n = n - 4*j + 12, 5*j = -i*n + 17. What is the remainder when 10 is divided by n?
2
Suppose -15 = -y - 1. What is the remainder when 55 is divided by y?
13
Suppose -3*f + 44 = 17. Suppose j + f = 4*j. What is the remainder when 8 is divided by j?
2
Let k be -12*((-7)/3 + 2). Suppose -31 = -k*g + 57. What is the remainde